{"id":520,"date":"2020-08-29T02:07:57","date_gmt":"2020-08-29T00:07:57","guid":{"rendered":"https:\/\/www.sp.sknetworx.at\/seelenfrieden\/?page_id=520"},"modified":"2020-08-29T17:10:09","modified_gmt":"2020-08-29T15:10:09","slug":"unser-bestatter","status":"publish","type":"page","link":"https:\/\/www.sp.sknetworx.at\/seelenfrieden\/unser-bestatter\/","title":{"rendered":"Unser Bestatter"},"content":{"rendered":"\n<figure class=\"wp-block-table\"><table><tbody><tr><td><img class=\"wp-image-526\" style=\"width: 850px;\" src=\"https:\/\/www.sp.sknetworx.at\/seelenfrieden\/wp-content\/uploads\/2020\/08\/gassner_portrait.jpg\" alt=\"\"><\/td><td><\/td><td><pre class=\"wp-block-verse\"><strong>J\u00fcrgen Gassner - Bestatter, Thanatopraktiker, Gesch\u00e4ftsf\u00fchrer<\/strong><p align=\"justify\">Ich sehe mich als \u201eDienst-Leister f\u00fcr Menschen\". \u201eBestatter\" ist nicht mein Beruf, sondern meine Berufung. Langj\u00e4hrige Bestatter-Erfahrung habe ich in einer st\u00e4dtischen Bestattung (davon einige Jahre in leitender Funktion) gesammelt. Auch wenn es mir dort nicht immer gestattet war, Entscheidungen nach meinem Verst\u00e4ndnis von \u201erichtig\" zu treffen, so war es dennoch immer meine absolute Priorit\u00e4t, so menschlich wie nur m\u00f6glich zu agieren. Meine oberste Maxime \u2014 Mensch sein. Mensch bleiben. Bis zum Schluss. \u2014 wird von der \u201eBESTATTUNG Seelenfrieden\" zu 100 % aus vollster \u00dcberzeugung gelebt. Es ist eine Ehre f\u00fcr mich, Menschen auf diesem besonderen Weg begleiten zu d\u00fcrfen.<\/p><\/pre><\/td><\/tr><\/tbody><\/table><\/figure><br>\n\n\n\n<p><\/p>\n","protected":false},"excerpt":{"rendered":"<p>J\u00fcrgen Gassner &#8211; Bestatter, Thanatopraktiker, Gesch\u00e4ftsf\u00fchrerIch sehe mich als \u201eDienst-Leister f\u00fcr Menschen&#8221;. \u201eBestatter&#8221; ist nicht mein Beruf, sondern meine Berufung. Langj\u00e4hrige Bestatter-Erfahrung habe ich in einer st\u00e4dtischen Bestattung (davon einige Jahre in leitender Funktion) gesammelt. Auch wenn es mir dort nicht immer gestattet war, Entscheidungen nach meinem Verst\u00e4ndnis von \u201erichtig&#8221; zu treffen, so war es&hellip;&nbsp;<a href=\"https:\/\/www.sp.sknetworx.at\/seelenfrieden\/unser-bestatter\/\" class=\"\" rel=\"bookmark\">Weiterlesen &raquo;<span class=\"screen-reader-text\">Unser Bestatter<\/span><\/a><\/p>\n","protected":false},"author":1,"featured_media":0,"parent":0,"menu_order":0,"comment_status":"closed","ping_status":"closed","template":"","meta":{"neve_meta_sidebar":"full-width","neve_meta_container":"","neve_meta_enable_content_width":"on","neve_meta_content_width":100,"neve_meta_title_alignment":"","neve_meta_author_avatar":"","neve_post_elements_order":"","neve_meta_disable_header":"","neve_meta_disable_footer":"","neve_meta_disable_title":""},"yoast_head":"<!-- This site is optimized with the Yoast SEO plugin v15.1.1 - https:\/\/yoast.com\/wordpress\/plugins\/seo\/ -->\n<title>BESTATTUNG Seelenfrieden GmbH, Kapfenberg-Schirmitzb\u00fchel \u2026<\/title>\n<meta name=\"description\" content=\"Zu Bestattung Seelenfrieden GmbH in Kapfenberg-Schirmitzb\u00fchel finden Sie \u2713 E-Mail \u2713 Adresse \u2713 Homepage \u2012 eingetragen unter Bestattung ...\" \/>\n<meta name=\"robots\" content=\"index, follow, max-snippet:-1, max-image-preview:large, max-video-preview:-1\" \/>\n<link rel=\"canonical\" href=\"https:\/\/www.bestattung-seelenfrieden.at\/unser-bestatter\/\" \/>\n<meta property=\"og:locale\" content=\"de_DE\" \/>\n<meta property=\"og:type\" content=\"article\" \/>\n<meta property=\"og:title\" content=\"BESTATTUNG Seelenfrieden GmbH, Kapfenberg-Schirmitzb\u00fchel \u2026\" \/>\n<meta property=\"og:description\" content=\"Zu Bestattung Seelenfrieden GmbH in Kapfenberg-Schirmitzb\u00fchel finden Sie \u2713 E-Mail \u2713 Adresse \u2713 Homepage \u2012 eingetragen unter Bestattung ...\" \/>\n<meta property=\"og:url\" content=\"https:\/\/www.bestattung-seelenfrieden.at\/unser-bestatter\/\" \/>\n<meta property=\"og:site_name\" content=\"Seelenfrieden Test\" \/>\n<meta property=\"article:modified_time\" content=\"2020-08-29T15:10:09+00:00\" \/>\n<meta property=\"og:image\" content=\"https:\/\/www.bestattung-seelenfrieden.at\/wp-content\/uploads\/2020\/08\/gassner_portrait.jpg\" \/>\n<meta name=\"twitter:card\" content=\"summary_large_image\" \/>\n<script type=\"application\/ld+json\" class=\"yoast-schema-graph\">{\"@context\":\"https:\/\/schema.org\",\"@graph\":[{\"@type\":\"Organization\",\"@id\":\"https:\/\/www.sp.sknetworx.at\/seelenfrieden\/#organization\",\"name\":\"BESTATTUNG Seelenfrieden GmbH\",\"url\":\"https:\/\/www.sp.sknetworx.at\/seelenfrieden\/\",\"sameAs\":[],\"logo\":{\"@type\":\"ImageObject\",\"@id\":\"https:\/\/www.sp.sknetworx.at\/seelenfrieden\/#logo\",\"inLanguage\":\"de-AT\",\"url\":\"https:\/\/www.sp.sknetworx.at\/seelenfrieden\/wp-content\/uploads\/2020\/07\/Seelenfrieden_Logo.png\",\"width\":1200,\"height\":612,\"caption\":\"BESTATTUNG Seelenfrieden GmbH\"},\"image\":{\"@id\":\"https:\/\/www.sp.sknetworx.at\/seelenfrieden\/#logo\"}},{\"@type\":\"WebSite\",\"@id\":\"https:\/\/www.sp.sknetworx.at\/seelenfrieden\/#website\",\"url\":\"https:\/\/www.sp.sknetworx.at\/seelenfrieden\/\",\"name\":\"Seelenfrieden Test\",\"description\":\"\",\"publisher\":{\"@id\":\"https:\/\/www.sp.sknetworx.at\/seelenfrieden\/#organization\"},\"potentialAction\":[{\"@type\":\"SearchAction\",\"target\":\"https:\/\/www.sp.sknetworx.at\/seelenfrieden\/?s={search_term_string}\",\"query-input\":\"required name=search_term_string\"}],\"inLanguage\":\"de-AT\"},{\"@type\":\"ImageObject\",\"@id\":\"https:\/\/www.bestattung-seelenfrieden.at\/unser-bestatter\/#primaryimage\",\"inLanguage\":\"de-AT\",\"url\":\"https:\/\/www.sp.sknetworx.at\/seelenfrieden\/wp-content\/uploads\/2020\/08\/gassner_portrait.jpg\",\"width\":600,\"height\":900},{\"@type\":\"WebPage\",\"@id\":\"https:\/\/www.bestattung-seelenfrieden.at\/unser-bestatter\/#webpage\",\"url\":\"https:\/\/www.bestattung-seelenfrieden.at\/unser-bestatter\/\",\"name\":\"BESTATTUNG Seelenfrieden GmbH, Kapfenberg-Schirmitzb\\u00fchel \\u2026\",\"isPartOf\":{\"@id\":\"https:\/\/www.sp.sknetworx.at\/seelenfrieden\/#website\"},\"primaryImageOfPage\":{\"@id\":\"https:\/\/www.bestattung-seelenfrieden.at\/unser-bestatter\/#primaryimage\"},\"datePublished\":\"2020-08-29T00:07:57+00:00\",\"dateModified\":\"2020-08-29T15:10:09+00:00\",\"description\":\"Zu Bestattung Seelenfrieden GmbH in Kapfenberg-Schirmitzb\\u00fchel finden Sie \\u2713 E-Mail \\u2713 Adresse \\u2713 Homepage \\u2012 eingetragen unter Bestattung ...\",\"inLanguage\":\"de-AT\",\"potentialAction\":[{\"@type\":\"ReadAction\",\"target\":[\"https:\/\/www.bestattung-seelenfrieden.at\/unser-bestatter\/\"]}]}]}<\/script>\n<!-- \/ Yoast SEO plugin. -->","amp_validity":null,"amp_enabled":true,"_links":{"self":[{"href":"https:\/\/www.sp.sknetworx.at\/seelenfrieden\/wp-json\/wp\/v2\/pages\/520"}],"collection":[{"href":"https:\/\/www.sp.sknetworx.at\/seelenfrieden\/wp-json\/wp\/v2\/pages"}],"about":[{"href":"https:\/\/www.sp.sknetworx.at\/seelenfrieden\/wp-json\/wp\/v2\/types\/page"}],"author":[{"embeddable":true,"href":"https:\/\/www.sp.sknetworx.at\/seelenfrieden\/wp-json\/wp\/v2\/users\/1"}],"replies":[{"embeddable":true,"href":"https:\/\/www.sp.sknetworx.at\/seelenfrieden\/wp-json\/wp\/v2\/comments?post=520"}],"version-history":[{"count":61,"href":"https:\/\/www.sp.sknetworx.at\/seelenfrieden\/wp-json\/wp\/v2\/pages\/520\/revisions"}],"predecessor-version":[{"id":693,"href":"https:\/\/www.sp.sknetworx.at\/seelenfrieden\/wp-json\/wp\/v2\/pages\/520\/revisions\/693"}],"wp:attachment":[{"href":"https:\/\/www.sp.sknetworx.at\/seelenfrieden\/wp-json\/wp\/v2\/media?parent=520"}],"curies":[{"name":"wp","href":"https:\/\/api.w.org\/{rel}","templated":true}]}}