{"id":37,"date":"2020-06-16T07:32:44","date_gmt":"2020-06-16T07:32:44","guid":{"rendered":"https:\/\/www.sp.sknetworx.at\/seelenfrieden\/?page_id=37"},"modified":"2020-08-08T16:10:39","modified_gmt":"2020-08-08T16:10:39","slug":"wir-uber-uns","status":"publish","type":"page","link":"https:\/\/www.sp.sknetworx.at\/seelenfrieden\/wir-uber-uns\/","title":{"rendered":"Wir \u00fcber uns"},"content":{"rendered":"\n<h4><strong>Was uns am Herzen liegt<\/strong> <br><strong>\u2026 das ist der Mensch \u2026 das sind SIE<\/strong>!<\/h4>\n\n\n\n<div style=\"height:20px\" aria-hidden=\"true\" class=\"wp-block-spacer\"><\/div>\n\n\n\n<h4 class=\"has-text-align-left\">Womit wir Ihnen dienen k\u00f6nnen<\/h4>\n\n\n\n<p class=\"has-text-align-left\">Bestattung ist Vertrauenssache. Unsere Maxime:<\/p>\n\n\n\n<h4><strong>Mensch sein.<\/strong>   <strong>Mensch bleiben.<\/strong>   <strong>Bis zum Schluss.<\/strong><\/h4>\n\n\n\n<p class=\"has-text-align-left\">\u00dcber Piet\u00e4t reden wir nicht \u2013 wir leben sie. In jedem Fall.<br><strong>Piet\u00e4t ist kein Verhalten. Piet\u00e4t ist eine Haltung. <\/strong><\/p>\n\n\n\n<p class=\"has-text-align-left\">Und vor allem:<br>Piet\u00e4t ist keine Frage des Auftragsvolumens!<br>Es ist uns eine Ehre, wenn Sie uns Ihr Vertrauen schenken!<\/p>\n\n\n\n<p>Hier erfahren Sie mehr \u00fcber uns:<\/p>\n\n\n\n<div class=\"wp-block-columns\">\n<div class=\"wp-block-column\">\n<div class=\"wp-block-image\"><figure class=\"aligncenter size-large is-resized\"><a href=\"https:\/\/www.sp.sknetworx.at\/seelenfrieden\/wir-uber-uns\/womit-wir-ihnen-dienen-konnen\/\"><img loading=\"lazy\" src=\"https:\/\/www.sp.sknetworx.at\/seelenfrieden\/wp-content\/uploads\/2020\/06\/Womit_wir_Ihnen_dienen_koennen-2.png\" alt=\"\" class=\"wp-image-184\" width=\"341\" height=\"147\" srcset=\"https:\/\/www.sp.sknetworx.at\/seelenfrieden\/wp-content\/uploads\/2020\/06\/Womit_wir_Ihnen_dienen_koennen-2.png 682w, https:\/\/www.sp.sknetworx.at\/seelenfrieden\/wp-content\/uploads\/2020\/06\/Womit_wir_Ihnen_dienen_koennen-2-300x129.png 300w\" sizes=\"(max-width: 341px) 100vw, 341px\" \/><\/a><\/figure><\/div>\n<\/div>\n\n\n\n<div class=\"wp-block-column\" style=\"flex-basis:50%\">\n<div class=\"wp-block-image\"><figure class=\"aligncenter size-large is-resized\"><a href=\"https:\/\/www.sp.sknetworx.at\/seelenfrieden\/wir-uber-uns\/was-uns-ein-anliegen-ist\/\"><img loading=\"lazy\" src=\"https:\/\/www.sp.sknetworx.at\/seelenfrieden\/wp-content\/uploads\/2020\/06\/Was_uns_ein_Anliegen_ist.png\" alt=\"\" class=\"wp-image-183\" width=\"341\" height=\"147\" srcset=\"https:\/\/www.sp.sknetworx.at\/seelenfrieden\/wp-content\/uploads\/2020\/06\/Was_uns_ein_Anliegen_ist.png 682w, https:\/\/www.sp.sknetworx.at\/seelenfrieden\/wp-content\/uploads\/2020\/06\/Was_uns_ein_Anliegen_ist-300x129.png 300w\" sizes=\"(max-width: 341px) 100vw, 341px\" \/><\/a><\/figure><\/div>\n\n\n\n<p><\/p>\n<\/div>\n<\/div>\n\n\n\n<p><\/p>\n","protected":false},"excerpt":{"rendered":"<p>Was uns am Herzen liegt \u2026 das ist der Mensch \u2026 das sind SIE! Womit wir Ihnen dienen k\u00f6nnen Bestattung ist Vertrauenssache. Unsere Maxime: Mensch sein. Mensch bleiben. Bis zum Schluss. \u00dcber Piet\u00e4t reden wir nicht \u2013 wir leben sie. In jedem Fall.Piet\u00e4t ist kein Verhalten. Piet\u00e4t ist eine Haltung. Und vor allem:Piet\u00e4t ist keine&hellip;&nbsp;<a href=\"https:\/\/www.sp.sknetworx.at\/seelenfrieden\/wir-uber-uns\/\" class=\"\" rel=\"bookmark\">Weiterlesen &raquo;<span class=\"screen-reader-text\">Wir \u00fcber uns<\/span><\/a><\/p>\n","protected":false},"author":1,"featured_media":0,"parent":0,"menu_order":0,"comment_status":"closed","ping_status":"closed","template":"","meta":{"neve_meta_sidebar":"full-width","neve_meta_container":"","neve_meta_enable_content_width":"on","neve_meta_content_width":100,"neve_meta_title_alignment":"","neve_meta_author_avatar":"","neve_post_elements_order":"","neve_meta_disable_header":"","neve_meta_disable_footer":"","neve_meta_disable_title":""},"yoast_head":"<!-- This site is optimized with the Yoast SEO plugin v15.1.1 - https:\/\/yoast.com\/wordpress\/plugins\/seo\/ -->\n<title>BESTATTUNG Seelenfrieden GmbH, Kapfenberg-Schirmitzb\u00fchel \u2026<\/title>\n<meta name=\"description\" content=\"Zu Bestattung Seelenfrieden GmbH in Kapfenberg-Schirmitzb\u00fchel finden Sie \u2713 E-Mail \u2713 Adresse \u2713 Homepage \u2012 eingetragen unter Bestattung ...\" \/>\n<meta name=\"robots\" content=\"index, follow, max-snippet:-1, max-image-preview:large, max-video-preview:-1\" \/>\n<link rel=\"canonical\" href=\"http:\/\/www.bestattung-seelenfrieden.at\/wir-uber-uns\/\" \/>\n<meta property=\"og:locale\" content=\"de_DE\" \/>\n<meta property=\"og:type\" content=\"article\" \/>\n<meta property=\"og:title\" content=\"BESTATTUNG Seelenfrieden GmbH, Kapfenberg-Schirmitzb\u00fchel \u2026\" \/>\n<meta property=\"og:description\" content=\"Zu Bestattung Seelenfrieden GmbH in Kapfenberg-Schirmitzb\u00fchel finden Sie \u2713 E-Mail \u2713 Adresse \u2713 Homepage \u2012 eingetragen unter Bestattung ...\" \/>\n<meta property=\"og:url\" content=\"http:\/\/www.bestattung-seelenfrieden.at\/wir-uber-uns\/\" \/>\n<meta property=\"og:site_name\" content=\"Seelenfrieden Test\" \/>\n<meta property=\"article:modified_time\" content=\"2020-08-08T16:10:39+00:00\" \/>\n<meta property=\"og:image\" content=\"http:\/\/www.bestattung-seelenfrieden.at\/wp-content\/uploads\/2020\/06\/Womit_wir_Ihnen_dienen_koennen-2.png\" \/>\n<meta name=\"twitter:card\" content=\"summary_large_image\" \/>\n<script type=\"application\/ld+json\" class=\"yoast-schema-graph\">{\"@context\":\"https:\/\/schema.org\",\"@graph\":[{\"@type\":\"Organization\",\"@id\":\"https:\/\/www.sp.sknetworx.at\/seelenfrieden\/#organization\",\"name\":\"BESTATTUNG Seelenfrieden GmbH\",\"url\":\"https:\/\/www.sp.sknetworx.at\/seelenfrieden\/\",\"sameAs\":[],\"logo\":{\"@type\":\"ImageObject\",\"@id\":\"https:\/\/www.sp.sknetworx.at\/seelenfrieden\/#logo\",\"inLanguage\":\"de-AT\",\"url\":\"https:\/\/www.sp.sknetworx.at\/seelenfrieden\/wp-content\/uploads\/2020\/07\/Seelenfrieden_Logo.png\",\"width\":1200,\"height\":612,\"caption\":\"BESTATTUNG Seelenfrieden GmbH\"},\"image\":{\"@id\":\"https:\/\/www.sp.sknetworx.at\/seelenfrieden\/#logo\"}},{\"@type\":\"WebSite\",\"@id\":\"https:\/\/www.sp.sknetworx.at\/seelenfrieden\/#website\",\"url\":\"https:\/\/www.sp.sknetworx.at\/seelenfrieden\/\",\"name\":\"Seelenfrieden Test\",\"description\":\"\",\"publisher\":{\"@id\":\"https:\/\/www.sp.sknetworx.at\/seelenfrieden\/#organization\"},\"potentialAction\":[{\"@type\":\"SearchAction\",\"target\":\"https:\/\/www.sp.sknetworx.at\/seelenfrieden\/?s={search_term_string}\",\"query-input\":\"required name=search_term_string\"}],\"inLanguage\":\"de-AT\"},{\"@type\":\"ImageObject\",\"@id\":\"http:\/\/www.bestattung-seelenfrieden.at\/wir-uber-uns\/#primaryimage\",\"inLanguage\":\"de-AT\",\"url\":\"https:\/\/www.sp.sknetworx.at\/seelenfrieden\/wp-content\/uploads\/2020\/06\/Womit_wir_Ihnen_dienen_koennen-2.png\",\"width\":682,\"height\":293},{\"@type\":\"WebPage\",\"@id\":\"http:\/\/www.bestattung-seelenfrieden.at\/wir-uber-uns\/#webpage\",\"url\":\"http:\/\/www.bestattung-seelenfrieden.at\/wir-uber-uns\/\",\"name\":\"BESTATTUNG Seelenfrieden GmbH, Kapfenberg-Schirmitzb\\u00fchel \\u2026\",\"isPartOf\":{\"@id\":\"https:\/\/www.sp.sknetworx.at\/seelenfrieden\/#website\"},\"primaryImageOfPage\":{\"@id\":\"http:\/\/www.bestattung-seelenfrieden.at\/wir-uber-uns\/#primaryimage\"},\"datePublished\":\"2020-06-16T07:32:44+00:00\",\"dateModified\":\"2020-08-08T16:10:39+00:00\",\"description\":\"Zu Bestattung Seelenfrieden GmbH in Kapfenberg-Schirmitzb\\u00fchel finden Sie \\u2713 E-Mail \\u2713 Adresse \\u2713 Homepage \\u2012 eingetragen unter Bestattung ...\",\"inLanguage\":\"de-AT\",\"potentialAction\":[{\"@type\":\"ReadAction\",\"target\":[\"http:\/\/www.bestattung-seelenfrieden.at\/wir-uber-uns\/\"]}]}]}<\/script>\n<!-- \/ Yoast SEO plugin. -->","amp_validity":null,"amp_enabled":true,"_links":{"self":[{"href":"https:\/\/www.sp.sknetworx.at\/seelenfrieden\/wp-json\/wp\/v2\/pages\/37"}],"collection":[{"href":"https:\/\/www.sp.sknetworx.at\/seelenfrieden\/wp-json\/wp\/v2\/pages"}],"about":[{"href":"https:\/\/www.sp.sknetworx.at\/seelenfrieden\/wp-json\/wp\/v2\/types\/page"}],"author":[{"embeddable":true,"href":"https:\/\/www.sp.sknetworx.at\/seelenfrieden\/wp-json\/wp\/v2\/users\/1"}],"replies":[{"embeddable":true,"href":"https:\/\/www.sp.sknetworx.at\/seelenfrieden\/wp-json\/wp\/v2\/comments?post=37"}],"version-history":[{"count":19,"href":"https:\/\/www.sp.sknetworx.at\/seelenfrieden\/wp-json\/wp\/v2\/pages\/37\/revisions"}],"predecessor-version":[{"id":384,"href":"https:\/\/www.sp.sknetworx.at\/seelenfrieden\/wp-json\/wp\/v2\/pages\/37\/revisions\/384"}],"wp:attachment":[{"href":"https:\/\/www.sp.sknetworx.at\/seelenfrieden\/wp-json\/wp\/v2\/media?parent=37"}],"curies":[{"name":"wp","href":"https:\/\/api.w.org\/{rel}","templated":true}]}}